{"id":5,"date":"2022-01-18T13:47:32","date_gmt":"2022-01-18T16:47:32","guid":{"rendered":"http:\/\/oticanunes.com.br\/?page_id=5"},"modified":"2022-01-31T17:48:33","modified_gmt":"2022-01-31T20:48:33","slug":"crie-seu-site-com-blocos","status":"publish","type":"page","link":"https:\/\/oticanunes.com.br\/?page_id=5","title":{"rendered":"Loja"},"content":{"rendered":"\n<h2 class=\"alignwide has-text-align-wide has-gigantic-font-size\" id=\"colecao\" style=\"line-height:1.1\">Cole\u00e7\u00e3o <\/h2>\n\n\n<p class=\"wp-block-site-tagline\">Atrav\u00e9s de um atendimento cordial, nosso compromisso est\u00e1 direcionado para entrega de produtos de excelente qualidade de forma \u00e1gil proporcionando o melhor custo beneficio na aquisi\u00e7\u00e3o de itens para sa\u00fade visual. Criar um relacionamento duradouro diante de solu\u00e7\u00f5es para as necessidades apresentadas por cada cliente. Proporcionar a indica\u00e7\u00e3o correta dentro das op\u00e7\u00f5es possiveis diante das informa\u00e7\u00f5es t\u00e9cnicas que cada vis\u00e3o apresenta.<\/p>\n\n\n<div class=\"wp-block-columns alignwide are-vertically-aligned-center is-style-twentytwentyone-columns-overlap\">\n<div class=\"wp-block-column is-vertically-aligned-center\">\n<figure class=\"wp-block-image alignfull size-large\"><img loading=\"lazy\" width=\"1024\" height=\"1024\" src=\"http:\/\/oticanunes.com.br\/wp-content\/uploads\/2022\/01\/Post2-1024x1024.jpeg\" alt=\"\" class=\"wp-image-204\" srcset=\"https:\/\/oticanunes.com.br\/wp-content\/uploads\/2022\/01\/Post2-1024x1024.jpeg 1024w, https:\/\/oticanunes.com.br\/wp-content\/uploads\/2022\/01\/Post2-300x300.jpeg 300w, https:\/\/oticanunes.com.br\/wp-content\/uploads\/2022\/01\/Post2-150x150.jpeg 150w, https:\/\/oticanunes.com.br\/wp-content\/uploads\/2022\/01\/Post2-768x768.jpeg 768w, https:\/\/oticanunes.com.br\/wp-content\/uploads\/2022\/01\/Post2.jpeg 1080w\" sizes=\"(max-width: 1024px) 100vw, 1024px\" \/><\/figure>\n<\/div>\n\n\n\n<div class=\"wp-block-column is-vertically-aligned-center\">\n<figure class=\"wp-block-image size-large\"><img loading=\"lazy\" width=\"1024\" height=\"1024\" src=\"http:\/\/oticanunes.com.br\/wp-content\/uploads\/2022\/01\/Post1-1024x1024.png\" alt=\"\" class=\"wp-image-202\" srcset=\"https:\/\/oticanunes.com.br\/wp-content\/uploads\/2022\/01\/Post1-1024x1024.png 1024w, https:\/\/oticanunes.com.br\/wp-content\/uploads\/2022\/01\/Post1-300x300.png 300w, https:\/\/oticanunes.com.br\/wp-content\/uploads\/2022\/01\/Post1-150x150.png 150w, https:\/\/oticanunes.com.br\/wp-content\/uploads\/2022\/01\/Post1-768x768.png 768w, https:\/\/oticanunes.com.br\/wp-content\/uploads\/2022\/01\/Post1.png 1080w\" sizes=\"(max-width: 1024px) 100vw, 1024px\" \/><\/figure>\n\n\n\n<figure class=\"wp-block-image size-large\"><img loading=\"lazy\" width=\"1024\" height=\"1024\" src=\"http:\/\/oticanunes.com.br\/wp-content\/uploads\/2022\/01\/Post4-1-1024x1024.png\" alt=\"\" class=\"wp-image-205\" srcset=\"https:\/\/oticanunes.com.br\/wp-content\/uploads\/2022\/01\/Post4-1-1024x1024.png 1024w, https:\/\/oticanunes.com.br\/wp-content\/uploads\/2022\/01\/Post4-1-300x300.png 300w, https:\/\/oticanunes.com.br\/wp-content\/uploads\/2022\/01\/Post4-1-150x150.png 150w, https:\/\/oticanunes.com.br\/wp-content\/uploads\/2022\/01\/Post4-1-768x768.png 768w, https:\/\/oticanunes.com.br\/wp-content\/uploads\/2022\/01\/Post4-1.png 1080w\" sizes=\"(max-width: 1024px) 100vw, 1024px\" \/><\/figure>\n<\/div>\n<\/div>\n\n\n\n<div class=\"wp-block-columns alignwide are-vertically-aligned-top\">\n<div class=\"wp-block-column is-vertically-aligned-top\">\n<h3 class=\"has-text-align-center\" id=\"qualidade\">Qualidade<\/h3>\n\n\n\n<p class=\"has-text-align-center\">Os padr\u00f5es de qualidade aplicados nos produtos oferecidos para os clientes est\u00e3o de acordo com as normas e legisla\u00e7\u00f5es vigentes do pa\u00eds.<br>S\u00e3o itens devidamente testados e aprovados para entregar a devida funcionalidade para a sa\u00fade visual, al\u00e9m de passar por crit\u00e9rios internos de maior rigorosidade para entregar a melhor experi\u00eancia e satisfa\u00e7\u00e3o em itens para a sua vis\u00e3o. <\/p>\n<\/div>\n\n\n\n<div class=\"wp-block-column is-vertically-aligned-top\">\n<h3 class=\"has-text-align-center\" id=\"honestidade\">Honestidade<\/h3>\n\n\n\n<p class=\"has-text-align-center\">Proporcionamos a indica\u00e7\u00e3o ideal dos produtos para a necessidade apresentada por cada cliente, respeitando os limites, padr\u00f5es e avalia\u00e7\u00f5es t\u00e9cnicas que cada situa\u00e7\u00e3o pode oferecer, estabelecemos que estamos disponiveis para aux\u00edliar na entrega dos itens certos de acordo com as especifica\u00e7\u00f5es indicadas por  cada especialidade.<\/p>\n<\/div>\n\n\n\n<div class=\"wp-block-column is-vertically-aligned-top\">\n<h3 class=\"has-text-align-center\" id=\"comprometimento\">Comprometimento<\/h3>\n\n\n\n<p class=\"has-text-align-center\">O compromisso aplicado aos produtos oferecidos tendo em vista a responsabilidade sobre a necessidade de cada cliente atrav\u00e9s dos prazos combinados durante a compra de um item, direciona todo empenho da nossa equipe na concretiza\u00e7\u00e3o dos padr\u00f5es estabelecidos para superar cada expectativa de satisfa\u00e7\u00e3o, desde o momento durante a escolha de um item at\u00e9 a duvidas referente a utiliza\u00e7\u00e3o do produto entregue.<\/p>\n<\/div>\n<\/div>\n","protected":false},"excerpt":{"rendered":"<p>Cole\u00e7\u00e3o Qualidade Os padr\u00f5es de qualidade aplicados nos produtos oferecidos para os clientes est\u00e3o de acordo com as normas e legisla\u00e7\u00f5es vigentes do pa\u00eds.S\u00e3o itens devidamente testados e aprovados para entregar a devida funcionalidade para a sa\u00fade visual, al\u00e9m de passar por crit\u00e9rios internos de maior rigorosidade para entregar a melhor experi\u00eancia e satisfa\u00e7\u00e3o em [&hellip;]<\/p>\n","protected":false},"author":1,"featured_media":0,"parent":0,"menu_order":0,"comment_status":"closed","ping_status":"closed","template":"","meta":[],"_links":{"self":[{"href":"https:\/\/oticanunes.com.br\/index.php?rest_route=\/wp\/v2\/pages\/5"}],"collection":[{"href":"https:\/\/oticanunes.com.br\/index.php?rest_route=\/wp\/v2\/pages"}],"about":[{"href":"https:\/\/oticanunes.com.br\/index.php?rest_route=\/wp\/v2\/types\/page"}],"author":[{"embeddable":true,"href":"https:\/\/oticanunes.com.br\/index.php?rest_route=\/wp\/v2\/users\/1"}],"replies":[{"embeddable":true,"href":"https:\/\/oticanunes.com.br\/index.php?rest_route=%2Fwp%2Fv2%2Fcomments&post=5"}],"version-history":[{"count":14,"href":"https:\/\/oticanunes.com.br\/index.php?rest_route=\/wp\/v2\/pages\/5\/revisions"}],"predecessor-version":[{"id":234,"href":"https:\/\/oticanunes.com.br\/index.php?rest_route=\/wp\/v2\/pages\/5\/revisions\/234"}],"wp:attachment":[{"href":"https:\/\/oticanunes.com.br\/index.php?rest_route=%2Fwp%2Fv2%2Fmedia&parent=5"}],"curies":[{"name":"wp","href":"https:\/\/api.w.org\/{rel}","templated":true}]}}